-2015. What is the highest common divisor of 18 and f?
6
Let w = 194 + 34. Let g(d) = -d**2 + 16*d + 374. Let u be g(-12). What is the greatest common divisor of u and w?
38
Let l(n) = 2826*n + 11688. Let d be l(-4). Suppose -q = -14 - 34. Calculate the greatest common divisor of d and q.
48
Let i be 6/5*(-37)/(2220/(-140800)). What is the highest common divisor of i and 396?
44
Suppose -3*h + 2013 = -5*m, -35*m = 5*h - 33*m - 3355. What is the greatest common factor of 488 and h?
61
Let o(n) be the first derivative of -4*n**2 - 238*n - 58. Let f be o(-40). Calculate the highest common factor of f and 615.
41
Suppose -794 - 242 = -5*m + 144. Calculate the highest common factor of m and 1357.
59
Let g = -48 - -45. Let s(w) = 2*w**2 + 3*w + 5. Let m be s(g). Calculate the highest common factor of 7 and m.
7
Let f = -263 - -480. Let s = -216 + f. Suppose 0 = -4*z + 4. Calculate the highest common factor of z and s.
1
Let x be ((-72)/(-15))/(20/(-1300)). Let h = x + 322. Calculate the greatest common factor of 670 and h.
10
Suppose 387*j - 389*j + 6 = 0. Suppose 4*m = -j*q + 2653, -13*q = -m - 14*q + 662. What is the greatest common divisor of m and 23?
23
Suppose 790*g + 2*f = 793*g - 1987, -4*g + 3*f + 2649 = 0. Calculate the highest common factor of 68 and g.
17
Let w(m) = 5*m + 71. Let d be w(-13). Let q(n) = n**2 + 2*n + 3. Let o be q(-2). Suppose -g + o*g = 12. Calculate the greatest common divisor of g and d.
6
Let w = -15 + 24. Suppose -10257 - 28758 = -255*a. Calculate the greatest common divisor of w and a.
9
Let o = 181 + 261. What is the greatest common divisor of o and 26?
26
Suppose 0 = 4*s + i - 969, -5*s + 1210 = 4*i - 3*i. Suppose -4*f - 3*c + s = -157, 5*f = -2*c + 494. Calculate the highest common divisor of f and 14.
14
Let g(l) = 4*l + 23. Let p be g(0). Suppose 4*q + p*q = 135. Calculate the greatest common factor of q and 45.
5
Suppose 5*u - 140 = -5*y, -10*y = -5*u - 8*y + 84. Suppose -4*b - 2*k + 992 + 598 = 0, 3*b = k + 1205. What is the greatest common factor of b and u?
20
Let n(t) = -t**2 - 2*t + 6. Let j be n(4). Let l = 10 + j. Let d(y) = -9*y - 30. Let q be d(l). What is the greatest common factor of q and 63?
21
Let x be (-8 + 9)/((-2)/(-6)). Let g(t) = 7*t - 10*t + 4*t**2 - 2 - 21*t**3 - 6*t**2 - 13*t**3. Let i be g(-1). Calculate the highest common divisor of i and x.
3
Let d be 6/(35/10 - 2). Suppose 4*p = -d*p + 2080. Suppose 5*t = -2*m - 0*m + p, 4*m = 5*t - 290. What is the greatest common factor of t and 6?
6
Suppose 0 = 5*s + 1023 - 1308. Suppose -33 + s = 3*b. Let n be (32/10)/(4/110). Calculate the highest common factor of n and b.
8
Suppose 2*m + 250 = 5*y, 0*m + 275 = 5*y + 3*m. Suppose 718 = 162*n - 158*n + 2*a, 5*n - 915 = a. What is the greatest common factor of y and n?
26
Let b(f) = -14 - 2*f + f + 0*f + 6*f. Let t be b(8). Calculate the highest common factor of t and 2.
2
Suppose -2*i - 136 = -2*l + l, -l + 4*i = -140. What is the highest common divisor of 40 and l?
4
Let r be ((-354)/3)/(-10*15/225). What is the highest common divisor of r and 7021?
59
Suppose -83 + 311 = 3*v. Let p(o) = 15*o**2 - 3. Let k be p(-2). Calculate the greatest common factor of v and k.
19
Let i(w) = 8*w**3 - 4*w**2 - 70*w + 547. Let o be i(9). What is the highest common divisor of 525 and o?
175
Let y(f) = 5*f**2 + 82*f - 24. Let b be y(-26). Suppose -3*a = -b - 936. What is the greatest common factor of a and 90?
90
Suppose 715 = 4*q - 589. Let d = q + -302. Let g = -7 - -19. Calculate the highest common divisor of d and g.
12
Suppose m = -5*j + 3192, 4*j - 2402 = -4*m + 158. Let s = j - 568. What is the highest common divisor of s and 252?
14
Let q(g) = -130*g. Let y be q(-3). Suppose -38753 = -278*c + 26299. What is the greatest common factor of y and c?
78
Suppose 9 = -83*c + 86*c. Suppose c*j - 13 - 209 = 0. Suppose -38 = 3*k - j. Calculate the greatest common factor of k and 12.
12
Let c(x) = -2*x**3 + 9*x**2 + 10*x - 5. Let n be c(5). Suppose -605 = 9*l - n*l. Suppose -22 = 4*m - 110. What is the greatest common factor of l and m?
11
Suppose -4*m - 21 = -3*f - 4, m + 17 = 5*f. Suppose 3*j = f*i - 51, 0*i - 5*i + 83 = -4*j. What is the highest common divisor of i and 60?
15
Let j(b) = -b**3 - 79*b**2 + 7*b + 578. Let q be j(-79). Calculate the highest common divisor of 575 and q.
25
Suppose -8*w = -3*o + 816, -1240 = -4*o + 1058*w - 1060*w. Suppose -3*t + 19 + 38 = 0. Calculate the greatest common divisor of t and o.
19
Let o = -24 - -32. Let c be (-132)/o*2 - (3 + -1). Let m be (-200)/c + 6/21. Calculate the highest common divisor of 12 and m.
6
Let t = 4075 - 4057. What is the highest common factor of t and 1002?
6
Suppose 4*j - 519 = 3*k, -941*k = 5*j - 946*k - 655. What is the highest common divisor of 266 and j?
14
Let c = -3077 + 3273. What is the highest common factor of 532 and c?
28
Suppose -3*m = -3*s + 2*m + 12169, -s = 4*m - 4028. What is the highest common divisor of s and 132?
44
Let g(a) = -a**3 - 21*a**2 - 22*a + 38. Let y be g(-20). What is the highest common divisor of 351 and y?
39
Let z be 254 - -3 - 7/1. Suppose -3*o = 7 - z. What is the greatest common divisor of o and 54?
27
Let b be 1/(-6) + (-3)/((-54)/273). Let r be (-3)/(7/((-140)/b)). Calculate the highest common factor of r and 116.
4
Let l(t) = 3*t + 35. Let v be l(-11). Let s be (-118)/(-2) + -3*1. Suppose v*d + 6 = s. Calculate the highest common divisor of d and 25.
25
Suppose -22*x - 128 = -14*x. Let l(g) = g**2 + 5*g + 40. Let p be l(x). Suppose -q + 0*q + 24 = 0. What is the greatest common factor of p and q?
24
Suppose -600*a - 136752 = -776*a. What is the highest common divisor of a and 2553?
111
Suppose 3*w = -56*b + 55*b + 2037, 0 = 4*w + 5*b - 2727. Calculate the greatest common factor of w and 66.
6
Let w = 143 - 139. Let h be (-9)/(-36) + 0 + 127/w. Let n be (2 - 34/8)/((-4)/h). Calculate the highest common divisor of n and 30.
6
Suppose 0 = 35*r + 7*r - 2688. What is the highest common factor of r and 3?
1
Suppose -29*a = -34*a + 55. Let o(v) = 22*v + 649. Let x be o(-26). Calculate the greatest common factor of x and a.
11
Let b(a) = -a**2 + 276*a - 1344. Let j be b(5). Let f be (-3)/(-2) + (-2)/(-4). Let k be ((-99)/(-6))/(1/f). What is the greatest common divisor of j and k?
11
Let r(m) = 364*m + 1829. Let x be r(-5). Calculate the highest common divisor of x and 10341.
9
Suppose -8 - 12 = y. Let r be 3 + (-63)/(-12) + 5/y. Calculate the greatest common divisor of 72 and r.
8
Let i(c) = 22*c - 28. Let a be i(-8). Let r = -114 - a. Let l be (-40)/(-30)*r/4. What is the highest common factor of 70 and l?
10
Suppose -243*i + 218*i + 3975 = 0. Calculate the highest common divisor of 3392 and i.
53
Let f(w) = 32*w**2 + 2*w + 3. Suppose 2*p = 5*d + 31, 10*d - 17 = -4*p + 11*d. Let a be f(p). What is the highest common divisor of 3 and a?
3
Suppose 0 = -28*t - t - 2*t + 5952. Suppose 0 = -f + 4*f + 15, 4 = 2*v + 4*f. Suppose k - 12 = v. Calculate the highest common factor of t and k.
24
Suppose -36093 = -14*y + 29063. Calculate the greatest common factor of 26 and y.
26
Let k = 46 - 8. Suppose -2*r - t + 76 = 0, -190 = 342*r - 347*r - 2*t. What is the greatest common factor of k and r?
38
Suppose 0 = 10*w - 5*w - 70. Let p = w + 9. Suppose -p*y = -18*y - 20. What is the highest common factor of 32 and y?
4
Let y(i) = 6*i**3 - 8*i**2 + 26*i - 89. Let h be y(6). What is the highest common factor of 50 and h?
25
Let g be (69 + 1)*(16 - (-86)/(-7)). What is the greatest common divisor of g and 4320?
20
Suppose -d + j = -19, -3*d + 3*j + 49 = 2*j. Suppose 0 = 3*m - 9*z + 5*z - 1261, 3*z + 402 = m. What is the greatest common factor of d and m?
15
Let r(k) = -2*k**3 + 48*k**2 - 90*k + 2016. Let o be r(21). What is the highest common factor of 1617 and o?
231
Let l be 7990/4*28/(2 - -5). What is the highest common divisor of 340 and l?
170
Let k(n) = -n**3 + 16*n**2 - 30*n + 35. Let j be 5 + -2 + (2 - 4) + 13. Let z be k(j). Let i = 159 + -82. What is the greatest common factor of z and i?
7
Let o be -26*(-110)/35 + 4/14. Let f = -47 - -5. Let y be 0 + (-4)/(4 - 0) - f. What is the greatest common factor of y and o?
41
Let b(o) = o**3 - 7*o**2 - 63*o + 233. Let s be b(21). What is the highest common divisor of s and 496?
124